{"id":80,"date":"2010-07-11T12:33:39","date_gmt":"2010-07-11T12:33:39","guid":{"rendered":"http:\/\/www.mauritz.de"},"modified":"2015-12-17T12:14:21","modified_gmt":"2015-12-17T10:14:21","slug":"kabelkonfektion","status":"publish","type":"page","link":"https:\/\/www.mauritz.de\/blog\/archiv\/kabelkonfektion\/","title":{"rendered":"Kabelkonfektion"},"content":{"rendered":"<h2>Kabelkonfektion &#8211; Kabel &#8211; Koaxkabel<\/h2>\n<h3>Wir konfektionieren Koaxkabel nach Ihren Angaben &#8211; bis 10 GHz<\/h3>\n<p>Zuverl\u00e4ssig, pr\u00e4zise, preiswert und kurzfristig konfektionieren wir wunschgem\u00e4\u00df Koaxialkabel f\u00fcr fast s\u00e4mtliche Bereiche der Elektronik. Wir verwenden ausschlie\u00dflich hochwertige Koaxkabel und HF-Stecker namhafter Hersteller und Lieferanten, die uns gleich bleibende Qualit\u00e4t garantieren k\u00f6nnen. Selbst an den Knickschutz aus Schrumpfschlauch stellen wir hohe Anforderungen; zum Einsatz kommt bei uns nur Schrumpfschlauch aus dem Hause DSG-Canusa.<\/p>\n<p>Mit geeigneten Werkzeugen, Maschinen und unserem langj\u00e4hrigen Know How entstehen so qualitativ hochwertige und langlebige Koaxkabel. Eine Endkontrolle der konfektionierten Kabel ist bei uns selbstverst\u00e4ndlich.<\/p>\n<p>W\u00e4hrend wir Ihre Kabel anfertigen, k\u00f6nnen Sie sich weiteren, wichtigen Aufgaben widmen.<\/p>\n<p>Hier finden Sie Beispiele f\u00fcr welche Bereiche in der &#8222;Welt der Elektronik&#8220; von uns Kabel konfektioniert werden.<\/p>\n<div style=\"width: 100%; clear: both;\">\n<div id=\"attachment_619\" style=\"width: 190px\" class=\"wp-caption alignleft\"><img aria-describedby=\"caption-attachment-619\" decoding=\"async\" class=\"size-full wp-image-619 \" title=\"Kabelkonfektion: Mauritz Communication: Kabeladapter SMC Winkelstecker BNC Stecker\" src=\"https:\/\/www.mauritz.de\/blog\/wp-content\/uploads\/2010\/07\/Kabeladapter_SMC_Winkelstecker_BNC_Stecker_200.jpg\" alt=\"Kabelkonfektion: Mauritz Communication: Kabeladapter SMC Winkelstecker BNC Stecker\" width=\"180\" \/><p id=\"caption-attachment-619\" class=\"wp-caption-text\">Kabelkonfektion: Mauritz Communication: Kabeladapter SMC Winkelstecker BNC Stecker<\/p><\/div>\n<div id=\"attachment_618\" style=\"width: 190px\" class=\"wp-caption alignleft\"><img aria-describedby=\"caption-attachment-618\" decoding=\"async\" class=\"size-full wp-image-618 \" title=\"Kabelkonfektion: Mauritz Communication: Kabeladapter RP TNC Stecker BNC Buchse\" src=\"https:\/\/www.mauritz.de\/blog\/wp-content\/uploads\/2010\/07\/Kabeladapter_RP_TNC_Stecker_BNC_Buchse_200.jpg\" alt=\"Kabelkonfektion: Mauritz Communication: Kabeladapter RP TNC Stecker BNC Buchse\" width=\"180\" \/><p id=\"caption-attachment-618\" class=\"wp-caption-text\">Kabelkonfektion: Mauritz Communication: Kabeladapter RP TNC Stecker BNC Buchse<\/p><\/div>\n<div id=\"attachment_617\" style=\"width: 190px\" class=\"wp-caption alignleft\"><img aria-describedby=\"caption-attachment-617\" decoding=\"async\" class=\"size-full wp-image-617 \" title=\"Kabelkonfektion: Mauritz Communication: Kabeladapter MMCX Winkelstecker RP SMA Einbau Kabelbuchse\" src=\"https:\/\/www.mauritz.de\/blog\/wp-content\/uploads\/2010\/07\/Kabeladapter_MMCX_Winkelstecker_RP_SMA_Einbau_Kabelbuchse_200.jpg\" alt=\"Kabelkonfektion: Mauritz Communication: Kabeladapter MMCX Winkelstecker RP SMA Einbau Kabelbuchse\" width=\"180\" \/><p id=\"caption-attachment-617\" class=\"wp-caption-text\">Kabelkonfektion: Mauritz Communication: Kabeladapter MMCX Winkelstecker RP SMA Einbau Kabelbuchse<\/p><\/div>\n<\/div>\n<div style=\"width: 100%; clear: both;\">\n<div id=\"attachment_616\" style=\"width: 190px\" class=\"wp-caption alignleft\"><img aria-describedby=\"caption-attachment-616\" decoding=\"async\" class=\"size-full wp-image-616 \" title=\"Kabelkonfektion: Mauritz Communication: Kabeladapter MMCX Winkelstecker RG 316 SMB Stecker\" src=\"https:\/\/www.mauritz.de\/blog\/wp-content\/uploads\/2010\/07\/Kabeladapter_MMCX_Winkelstecker_RG_316_SMB_Stecker_200.jpg\" alt=\"Kabelkonfektion: Mauritz Communication: Kabeladapter MMCX Winkelstecker RG 316 SMB Stecker\" width=\"180\" \/><p id=\"caption-attachment-616\" class=\"wp-caption-text\">Kabelkonfektion: Mauritz Communication: Kabeladapter MMCX Winkelstecker RG 316 SMB Stecker<\/p><\/div>\n<div id=\"attachment_615\" style=\"width: 190px\" class=\"wp-caption alignleft\"><img aria-describedby=\"caption-attachment-615\" decoding=\"async\" class=\"size-full wp-image-615 \" title=\"Kabelkonfektion: Mauritz Communication: Kabeladapter Lucent Stecker RG 174 TNC Einbau Kabelbuchse\" src=\"https:\/\/www.mauritz.de\/blog\/wp-content\/uploads\/2010\/07\/Kabeladapter_Lucent_Stecker_RG_174_TNC_Einbau_Kabelbuchse_200.jpg\" alt=\"Kabelkonfektion: Mauritz Communication: Kabeladapter Lucent Stecker RG 174 TNC Einbau Kabelbuchse\" width=\"180\" \/><p id=\"caption-attachment-615\" class=\"wp-caption-text\">Kabelkonfektion: Mauritz Communication: Kabeladapter Lucent Stecker RG 174 TNC Einbau Kabelbuchse<\/p><\/div>\n<div id=\"attachment_614\" style=\"width: 190px\" class=\"wp-caption alignleft\"><img aria-describedby=\"caption-attachment-614\" decoding=\"async\" class=\"size-full wp-image-614 \" title=\"Kabelkonfektion: Mauritz Communication: Kabeladapter FME Stecker SMB Buchse\" src=\"https:\/\/www.mauritz.de\/blog\/wp-content\/uploads\/2010\/07\/Kabeladapter_FME_Stecker_SMB_Buchse_200.jpg\" alt=\"Kabelkonfektion: Mauritz Communication: Kabeladapter FME Stecker SMB Buchse\" width=\"180\" \/><p id=\"caption-attachment-614\" class=\"wp-caption-text\">Kabelkonfektion: Mauritz Communication: Kabeladapter FME Stecker SMB Buchse<\/p><\/div>\n<\/div>\n<div style=\"width: 100%; clear: both;\">\n<div id=\"attachment_613\" style=\"width: 190px\" class=\"wp-caption alignleft\"><img aria-describedby=\"caption-attachment-613\" decoding=\"async\" class=\"size-full wp-image-613 \" title=\"Kabelkonfektion: Mauritz Communication: Kabeladapter BNC Stecker R SMA Stecker\" src=\"https:\/\/www.mauritz.de\/blog\/wp-content\/uploads\/2010\/07\/Kabeladapter_BNC_Stecker_R_SMA_Stecker_200.jpg\" alt=\"Kabelkonfektion: Mauritz Communication: Kabeladapter BNC Stecker R SMA Stecker\" width=\"180\" \/><p id=\"caption-attachment-613\" class=\"wp-caption-text\">Kabelkonfektion: Mauritz Communication: Kabeladapter BNC Stecker R SMA Stecker<\/p><\/div>\n<div id=\"attachment_612\" style=\"width: 190px\" class=\"wp-caption alignleft\"><img aria-describedby=\"caption-attachment-612\" decoding=\"async\" class=\"size-full wp-image-612 \" title=\"Kabelkonfektion: Mauritz Communication: Anschlusskabel RP TNC Stecker H 155 N Stecker\" src=\"https:\/\/www.mauritz.de\/blog\/wp-content\/uploads\/2010\/07\/Anschlusskabel_RP_TNC_Stecker_H_155_N_Stecker_200.jpg\" alt=\"Kabelkonfektion: Mauritz Communication: Anschlusskabel RP TNC Stecker H 155 N Stecker\" width=\"180\" \/><p id=\"caption-attachment-612\" class=\"wp-caption-text\">Kabelkonfektion: Mauritz Communication: Anschlusskabel RP TNC Stecker H 155 N Stecker<\/p><\/div>\n<div id=\"attachment_611\" style=\"width: 190px\" class=\"wp-caption alignleft\"><img aria-describedby=\"caption-attachment-611\" decoding=\"async\" class=\"size-full wp-image-611 \" title=\"Kabelkonfektion: Mauritz Communication: Anschlusskabel Lucent Stecker RG 316 FME Kabelbuchse\" src=\"https:\/\/www.mauritz.de\/blog\/wp-content\/uploads\/2010\/07\/Anschlusskabel_Lucent_Stecker_RG_316_FME_Kabelbuchse_200.jpg\" alt=\"Kabelkonfektion: Mauritz Communication: Anschlusskabel Lucent Stecker RG 316 FME Kabelbuchse\" width=\"180\" \/><p id=\"caption-attachment-611\" class=\"wp-caption-text\">Kabelkonfektion: Mauritz Communication: Anschlusskabel Lucent Stecker RG 316 FME Kabelbuchse<\/p><\/div>\n<\/div>\n<p style=\"clear: both;\">Einige Bilder der von uns konfektionierten Koaxkabel. Es kommen nur Stecker, Kabel und Schrumpfschl\u00e4uche namhafter Hersteller zum Einsatz.<\/p>\n","protected":false},"excerpt":{"rendered":"<p>Kabelkonfektion &#8211; Kabel &#8211; Koaxkabel Wir konfektionieren Koaxkabel nach Ihren Angaben &#8211; bis 10 GHz Zuverl\u00e4ssig, pr\u00e4zise, preiswert und kurzfristig konfektionieren wir wunschgem\u00e4\u00df Koaxialkabel f\u00fcr fast s\u00e4mtliche Bereiche der Elektronik. Wir verwenden ausschlie\u00dflich hochwertige Koaxkabel und HF-Stecker namhafter Hersteller und &hellip; <a href=\"https:\/\/www.mauritz.de\/blog\/archiv\/kabelkonfektion\/\">Weiterlesen <span class=\"meta-nav\">&rarr;<\/span><\/a><\/p>\n","protected":false},"author":2,"featured_media":0,"parent":68,"menu_order":0,"comment_status":"open","ping_status":"open","template":"","meta":[],"yoast_head":"<!-- This site is optimized with the Yoast SEO plugin v20.12 - https:\/\/yoast.com\/wordpress\/plugins\/seo\/ -->\n<title>Kabelkonfektion - Mauritz<\/title>\n<meta name=\"description\" content=\"Kabelkonfektion - Kabel - Koaxkabel Wir konfektionieren Koaxkabel nach Ihren Angaben - bis 10 GHz Zuverl\u00e4ssig, pr\u00e4zise, preiswert und kurzfristig\" \/>\n<meta name=\"robots\" content=\"index, follow, max-snippet:-1, max-image-preview:large, max-video-preview:-1\" \/>\n<link rel=\"canonical\" href=\"https:\/\/www.mauritz.de\/blog\/archiv\/kabelkonfektion\/\" \/>\n<meta name=\"twitter:label1\" content=\"Gesch\u00e4tzte Lesezeit\" \/>\n\t<meta name=\"twitter:data1\" content=\"1\u00a0Minute\" \/>\n<script type=\"application\/ld+json\" class=\"yoast-schema-graph\">{\"@context\":\"https:\/\/schema.org\",\"@graph\":[{\"@type\":\"WebPage\",\"@id\":\"https:\/\/www.mauritz.de\/blog\/archiv\/kabelkonfektion\/\",\"url\":\"https:\/\/www.mauritz.de\/blog\/archiv\/kabelkonfektion\/\",\"name\":\"Kabelkonfektion - Mauritz\",\"isPartOf\":{\"@id\":\"https:\/\/www.mauritz.de\/blog\/#website\"},\"datePublished\":\"2010-07-11T12:33:39+00:00\",\"dateModified\":\"2015-12-17T10:14:21+00:00\",\"description\":\"Kabelkonfektion - Kabel - Koaxkabel Wir konfektionieren Koaxkabel nach Ihren Angaben - bis 10 GHz Zuverl\u00e4ssig, pr\u00e4zise, preiswert und kurzfristig\",\"breadcrumb\":{\"@id\":\"https:\/\/www.mauritz.de\/blog\/archiv\/kabelkonfektion\/#breadcrumb\"},\"inLanguage\":\"de\",\"potentialAction\":[{\"@type\":\"ReadAction\",\"target\":[\"https:\/\/www.mauritz.de\/blog\/archiv\/kabelkonfektion\/\"]}]},{\"@type\":\"BreadcrumbList\",\"@id\":\"https:\/\/www.mauritz.de\/blog\/archiv\/kabelkonfektion\/#breadcrumb\",\"itemListElement\":[{\"@type\":\"ListItem\",\"position\":1,\"name\":\"Startseite\",\"item\":\"https:\/\/www.mauritz.de\/blog\/\"},{\"@type\":\"ListItem\",\"position\":2,\"name\":\"Archiv\",\"item\":\"https:\/\/www.mauritz.de\/blog\/archiv\/\"},{\"@type\":\"ListItem\",\"position\":3,\"name\":\"Kabelkonfektion\"}]},{\"@type\":\"WebSite\",\"@id\":\"https:\/\/www.mauritz.de\/blog\/#website\",\"url\":\"https:\/\/www.mauritz.de\/blog\/\",\"name\":\"Mauritz\",\"description\":\"Kabelkonfektion Steckverbinder Schrumpfschlauch Kabelbinder\",\"potentialAction\":[{\"@type\":\"SearchAction\",\"target\":{\"@type\":\"EntryPoint\",\"urlTemplate\":\"https:\/\/www.mauritz.de\/blog\/?s={search_term_string}\"},\"query-input\":\"required name=search_term_string\"}],\"inLanguage\":\"de\"}]}<\/script>\n<!-- \/ Yoast SEO plugin. -->","yoast_head_json":{"title":"Kabelkonfektion - Mauritz","description":"Kabelkonfektion - Kabel - Koaxkabel Wir konfektionieren Koaxkabel nach Ihren Angaben - bis 10 GHz Zuverl\u00e4ssig, pr\u00e4zise, preiswert und kurzfristig","robots":{"index":"index","follow":"follow","max-snippet":"max-snippet:-1","max-image-preview":"max-image-preview:large","max-video-preview":"max-video-preview:-1"},"canonical":"https:\/\/www.mauritz.de\/blog\/archiv\/kabelkonfektion\/","twitter_misc":{"Gesch\u00e4tzte Lesezeit":"1\u00a0Minute"},"schema":{"@context":"https:\/\/schema.org","@graph":[{"@type":"WebPage","@id":"https:\/\/www.mauritz.de\/blog\/archiv\/kabelkonfektion\/","url":"https:\/\/www.mauritz.de\/blog\/archiv\/kabelkonfektion\/","name":"Kabelkonfektion - Mauritz","isPartOf":{"@id":"https:\/\/www.mauritz.de\/blog\/#website"},"datePublished":"2010-07-11T12:33:39+00:00","dateModified":"2015-12-17T10:14:21+00:00","description":"Kabelkonfektion - Kabel - Koaxkabel Wir konfektionieren Koaxkabel nach Ihren Angaben - bis 10 GHz Zuverl\u00e4ssig, pr\u00e4zise, preiswert und kurzfristig","breadcrumb":{"@id":"https:\/\/www.mauritz.de\/blog\/archiv\/kabelkonfektion\/#breadcrumb"},"inLanguage":"de","potentialAction":[{"@type":"ReadAction","target":["https:\/\/www.mauritz.de\/blog\/archiv\/kabelkonfektion\/"]}]},{"@type":"BreadcrumbList","@id":"https:\/\/www.mauritz.de\/blog\/archiv\/kabelkonfektion\/#breadcrumb","itemListElement":[{"@type":"ListItem","position":1,"name":"Startseite","item":"https:\/\/www.mauritz.de\/blog\/"},{"@type":"ListItem","position":2,"name":"Archiv","item":"https:\/\/www.mauritz.de\/blog\/archiv\/"},{"@type":"ListItem","position":3,"name":"Kabelkonfektion"}]},{"@type":"WebSite","@id":"https:\/\/www.mauritz.de\/blog\/#website","url":"https:\/\/www.mauritz.de\/blog\/","name":"Mauritz","description":"Kabelkonfektion Steckverbinder Schrumpfschlauch Kabelbinder","potentialAction":[{"@type":"SearchAction","target":{"@type":"EntryPoint","urlTemplate":"https:\/\/www.mauritz.de\/blog\/?s={search_term_string}"},"query-input":"required name=search_term_string"}],"inLanguage":"de"}]}},"_links":{"self":[{"href":"https:\/\/www.mauritz.de\/blog\/wp-json\/wp\/v2\/pages\/80"}],"collection":[{"href":"https:\/\/www.mauritz.de\/blog\/wp-json\/wp\/v2\/pages"}],"about":[{"href":"https:\/\/www.mauritz.de\/blog\/wp-json\/wp\/v2\/types\/page"}],"author":[{"embeddable":true,"href":"https:\/\/www.mauritz.de\/blog\/wp-json\/wp\/v2\/users\/2"}],"replies":[{"embeddable":true,"href":"https:\/\/www.mauritz.de\/blog\/wp-json\/wp\/v2\/comments?post=80"}],"version-history":[{"count":27,"href":"https:\/\/www.mauritz.de\/blog\/wp-json\/wp\/v2\/pages\/80\/revisions"}],"predecessor-version":[{"id":3635,"href":"https:\/\/www.mauritz.de\/blog\/wp-json\/wp\/v2\/pages\/80\/revisions\/3635"}],"up":[{"embeddable":true,"href":"https:\/\/www.mauritz.de\/blog\/wp-json\/wp\/v2\/pages\/68"}],"wp:attachment":[{"href":"https:\/\/www.mauritz.de\/blog\/wp-json\/wp\/v2\/media?parent=80"}],"curies":[{"name":"wp","href":"https:\/\/api.w.org\/{rel}","templated":true}]}}