{"id":145,"date":"2010-07-13T08:32:16","date_gmt":"2010-07-13T08:32:16","guid":{"rendered":"http:\/\/www.mauritz.de"},"modified":"2015-12-24T17:57:44","modified_gmt":"2015-12-24T16:57:44","slug":"koaxialkabel","status":"publish","type":"page","link":"https:\/\/www.mauritz.de\/blog\/kategorien\/koaxialkabel\/","title":{"rendered":"Koaxialkabel"},"content":{"rendered":"<div id=\"attachment_2097\" style=\"width: 230px\" class=\"wp-caption alignright\"><a href=\"https:\/\/www.mauritz.de\/blog\/wp-content\/uploads\/2010\/07\/koaxialkabel-koaxkabel-querschnitt.png\"><img aria-describedby=\"caption-attachment-2097\" decoding=\"async\" class=\"size-full wp-image-2097 \" title=\"Schnittmodell eine Koaxialkabels\" src=\"https:\/\/www.mauritz.de\/blog\/wp-content\/uploads\/2010\/07\/koaxialkabel-koaxkabel-querschnitt.png\" alt=\"Koaxialkabel Schnittmodell: 1. Seele oder Innenleiter 2. Isolation oder Dielektrikum zwischen Innenleiter und Kabelschirm 3. Au\u00dfenleiter und Abschirmung 4. Schutzmantel\" width=\"220\" height=\"220\" srcset=\"https:\/\/www.mauritz.de\/blog\/wp-content\/uploads\/2010\/07\/koaxialkabel-koaxkabel-querschnitt.png 220w, https:\/\/www.mauritz.de\/blog\/wp-content\/uploads\/2010\/07\/koaxialkabel-koaxkabel-querschnitt-150x150.png 150w\" sizes=\"(max-width: 220px) 100vw, 220px\" \/><\/a><p id=\"caption-attachment-2097\" class=\"wp-caption-text\">1. Seele oder Innenleiter2. Isolation oder Dielektrikum zwischen Innenleiter und Kabelschirm3. Au\u00dfenleiter und Abschirmung4. Schutzmantel<\/p><\/div>\n<p><strong>Koaxialkabel<\/strong> (auch <strong>Koaxkabel<\/strong>), sind zweipolige Kabel mit konzentrischem Aufbau. Sie bestehen aus einem Innenleiter, auch &#8222;Seele&#8220; genannt, der in konstantem Abstand von einem hohlzylindrischen Au\u00dfenleiter umgeben ist. Der Zwischenraum besteht aus einem Isolator oder Dielektrikum.<\/p>\n<p>Das Dielektrikum kann anteilig oder vollst\u00e4ndig aus Luft bestehen, was den Vorteil geringer verlustwerte bringt (z.B. <a href=\"http:\/\/www.mauritz.de\/de\/koaxialkabel\/koaxialkabel-50-ohm\/aircom-plus-koaxialkabel-50-ohm\" target=\"_blank\">Aircom Plus<\/a>). Meist ist der Au\u00dfenleiter durch einen isolierenden, korrosionsfesten und wasserdichten Mantel nach au\u00dfen hin gesch\u00fctzt. Der Au\u00dfendurchmesser betr\u00e4gt \u00fcblicherweise 2 bis 15\u00a0mm, Sonderformen gibt es von 1 bis 100\u00a0mm.<\/p>\n<p>Flexible <strong>Koaxialkabel<\/strong> besitzen meist Innenleiter aus d\u00fcnnen, geflochtenen oder verseilten Kupferdr\u00e4hten und Kabelschirme aus ebenfalls geflochtenen Kupferdr\u00e4hten, wobei der Schirm durch eine Folie erg\u00e4nzt sein kann. Das Geflecht darf dann einen geringeren Bedeckungsgrad aufweisen.<\/p>\n<h2>Tabellen<\/h2>\n<ul>\n<li><a href=\"https:\/\/www.mauritz.de\/blog\/tabellen\/koaxialkabel-allgemeine-daten\">Allgemeine Daten<\/a><\/li>\n<li><a class=\"colorbox\" href=\"https:\/\/www.mauritz.de\/blog\/tabellen\/koaxialkabel-dampfung-auf-100m\">Verlust Tabelle<\/a><\/li>\n<li><a class=\"colorbox\" href=\"https:\/\/www.mauritz.de\/blog\/tabellen\/tabelle-koaxialkabel\">D\u00e4mpfungs Tabelle<\/a><\/li>\n<\/ul>\n<h2>Sonderformen von Koaxialkabeln<\/h2>\n<p><strong><em>Rigid-Koaxialkabel<\/em><\/strong> f\u00fcr hohe Leistungen oder hohe Schirmungsfaktoren sind mit einem starren Au\u00dfenleiter in Form eines Rohres aufgebaut.<\/p>\n<p><em><strong>Triaxialkabel<\/strong><\/em> Sonderform mit zwei Innenleitern oder mehrere, koaxial angeordnete Au\u00dfenleiter. Diese Kabel werden unter anderem in der Videotechnik eingesetzt, wenn die Schirmfunktion zum Beispiel vom Au\u00dfenleiter getrennt werden soll.<\/p>\n<p><em><strong>Koaxialkabel mit Ferritummantelung<\/strong><\/em>. Diese wirkt als Gleichtaktdrossel, die ein Gegentaktsignal transformatorisch st\u00fctzt und auf ein Gleichtaktsignal induktiv d\u00e4mpfend wirkt. Die Transferimpedanz als Kenngr\u00f6\u00dfe der Schirmwirkung wird vom Ferrit nicht beeinflusst, wohl aber die Schirmd\u00e4mpfung.<\/p>\n<p><em><strong>Schlitzkabel<\/strong><\/em>, welches als langgestreckte Antenne eingesetzt wird. Das Schlitzkabel hat eine <em>unvollst\u00e4ndiger Abschirmung.<\/em> Sein Au\u00dfenleiter hat Schlitze oder \u00d6ffnungen, durch die \u00fcber die ganze L\u00e4nge des Kabels kontrolliert HF-Leistung abgegeben und aufgenommen werden kann.<\/p>\n<h2>Einsatzgebiete von Koaxialkabeln<\/h2>\n<p><strong>Koaxialkabel<\/strong> sind dazu geeignet, im Frequenzbereich von einigen kHz bis zu einigen GHz hochfrequente, breitbandige Signale zu \u00fcbertragen. Den Einsatz finden Sie<\/p>\n<ul>\n<li>bei hochfrequenten Rundfunksignalen,<\/li>\n<li>Radarsignalen oder einfach<\/li>\n<li>Messsignalen in einem Pr\u00fcflabor<\/li>\n<li>bei Ethernet-Netzwerke (bis in die neunziger Jahre)<\/li>\n<li>bei Mikrofonen (mit Phantomspeisung)<\/li>\n<\/ul>\n<p>sein. <strong>Koaxialkabel<\/strong> werden zur \u00dcbertragung unsymmetrischer Signale eingesetzt; der Au\u00dfenleiter f\u00fchrt dabei \u00fcblicherweise das Referenzpotenzial, n\u00e4mlich die Masse, der Innenleiter f\u00fchrt die Signalspannung oder bei der Phantomspeisung auch die Versorgungsspannung.<\/p>\n","protected":false},"excerpt":{"rendered":"<p>Koaxialkabel (auch Koaxkabel), sind zweipolige Kabel mit konzentrischem Aufbau. Sie bestehen aus einem Innenleiter, auch &#8222;Seele&#8220; genannt, der in konstantem Abstand von einem hohlzylindrischen Au\u00dfenleiter umgeben ist. Der Zwischenraum besteht aus einem Isolator oder Dielektrikum. Das Dielektrikum kann anteilig oder &hellip; <a href=\"https:\/\/www.mauritz.de\/blog\/kategorien\/koaxialkabel\/\">Weiterlesen <span class=\"meta-nav\">&rarr;<\/span><\/a><\/p>\n","protected":false},"author":2,"featured_media":0,"parent":142,"menu_order":1,"comment_status":"closed","ping_status":"closed","template":"","meta":[],"yoast_head":"<!-- This site is optimized with the Yoast SEO plugin v20.12 - https:\/\/yoast.com\/wordpress\/plugins\/seo\/ -->\n<title>Koaxialkabel \/ Koaxkabel - Mauritz Communication &amp; Electronics<\/title>\n<meta name=\"description\" content=\"Koaxialkabel auch kurz Koaxkabel genannt sind zweipolige Kabel mit konzentrischem Aufbau. Sie bestehen aus einem Innenleiter, auch \u201eSeele\u201c genannt, ...\" \/>\n<meta name=\"robots\" content=\"index, follow, max-snippet:-1, max-image-preview:large, max-video-preview:-1\" \/>\n<link rel=\"canonical\" href=\"https:\/\/www.mauritz.de\/blog\/kategorien\/koaxialkabel\/\" \/>\n<meta name=\"twitter:label1\" content=\"Gesch\u00e4tzte Lesezeit\" \/>\n\t<meta name=\"twitter:data1\" content=\"2\u00a0Minuten\" \/>\n<script type=\"application\/ld+json\" class=\"yoast-schema-graph\">{\"@context\":\"https:\/\/schema.org\",\"@graph\":[{\"@type\":\"WebPage\",\"@id\":\"https:\/\/www.mauritz.de\/blog\/kategorien\/koaxialkabel\/\",\"url\":\"https:\/\/www.mauritz.de\/blog\/kategorien\/koaxialkabel\/\",\"name\":\"Koaxialkabel \/ Koaxkabel - Mauritz Communication & Electronics\",\"isPartOf\":{\"@id\":\"https:\/\/www.mauritz.de\/blog\/#website\"},\"datePublished\":\"2010-07-13T08:32:16+00:00\",\"dateModified\":\"2015-12-24T16:57:44+00:00\",\"description\":\"Koaxialkabel auch kurz Koaxkabel genannt sind zweipolige Kabel mit konzentrischem Aufbau. Sie bestehen aus einem Innenleiter, auch \u201eSeele\u201c genannt, ...\",\"breadcrumb\":{\"@id\":\"https:\/\/www.mauritz.de\/blog\/kategorien\/koaxialkabel\/#breadcrumb\"},\"inLanguage\":\"de\",\"potentialAction\":[{\"@type\":\"ReadAction\",\"target\":[\"https:\/\/www.mauritz.de\/blog\/kategorien\/koaxialkabel\/\"]}]},{\"@type\":\"BreadcrumbList\",\"@id\":\"https:\/\/www.mauritz.de\/blog\/kategorien\/koaxialkabel\/#breadcrumb\",\"itemListElement\":[{\"@type\":\"ListItem\",\"position\":1,\"name\":\"Startseite\",\"item\":\"https:\/\/www.mauritz.de\/blog\/\"},{\"@type\":\"ListItem\",\"position\":2,\"name\":\"Kategorien\",\"item\":\"https:\/\/www.mauritz.de\/blog\/kategorien\/\"},{\"@type\":\"ListItem\",\"position\":3,\"name\":\"Koaxialkabel\"}]},{\"@type\":\"WebSite\",\"@id\":\"https:\/\/www.mauritz.de\/blog\/#website\",\"url\":\"https:\/\/www.mauritz.de\/blog\/\",\"name\":\"Mauritz\",\"description\":\"Kabelkonfektion Steckverbinder Schrumpfschlauch Kabelbinder\",\"potentialAction\":[{\"@type\":\"SearchAction\",\"target\":{\"@type\":\"EntryPoint\",\"urlTemplate\":\"https:\/\/www.mauritz.de\/blog\/?s={search_term_string}\"},\"query-input\":\"required name=search_term_string\"}],\"inLanguage\":\"de\"}]}<\/script>\n<!-- \/ Yoast SEO plugin. -->","yoast_head_json":{"title":"Koaxialkabel \/ Koaxkabel - Mauritz Communication & Electronics","description":"Koaxialkabel auch kurz Koaxkabel genannt sind zweipolige Kabel mit konzentrischem Aufbau. Sie bestehen aus einem Innenleiter, auch \u201eSeele\u201c genannt, ...","robots":{"index":"index","follow":"follow","max-snippet":"max-snippet:-1","max-image-preview":"max-image-preview:large","max-video-preview":"max-video-preview:-1"},"canonical":"https:\/\/www.mauritz.de\/blog\/kategorien\/koaxialkabel\/","twitter_misc":{"Gesch\u00e4tzte Lesezeit":"2\u00a0Minuten"},"schema":{"@context":"https:\/\/schema.org","@graph":[{"@type":"WebPage","@id":"https:\/\/www.mauritz.de\/blog\/kategorien\/koaxialkabel\/","url":"https:\/\/www.mauritz.de\/blog\/kategorien\/koaxialkabel\/","name":"Koaxialkabel \/ Koaxkabel - Mauritz Communication & Electronics","isPartOf":{"@id":"https:\/\/www.mauritz.de\/blog\/#website"},"datePublished":"2010-07-13T08:32:16+00:00","dateModified":"2015-12-24T16:57:44+00:00","description":"Koaxialkabel auch kurz Koaxkabel genannt sind zweipolige Kabel mit konzentrischem Aufbau. Sie bestehen aus einem Innenleiter, auch \u201eSeele\u201c genannt, ...","breadcrumb":{"@id":"https:\/\/www.mauritz.de\/blog\/kategorien\/koaxialkabel\/#breadcrumb"},"inLanguage":"de","potentialAction":[{"@type":"ReadAction","target":["https:\/\/www.mauritz.de\/blog\/kategorien\/koaxialkabel\/"]}]},{"@type":"BreadcrumbList","@id":"https:\/\/www.mauritz.de\/blog\/kategorien\/koaxialkabel\/#breadcrumb","itemListElement":[{"@type":"ListItem","position":1,"name":"Startseite","item":"https:\/\/www.mauritz.de\/blog\/"},{"@type":"ListItem","position":2,"name":"Kategorien","item":"https:\/\/www.mauritz.de\/blog\/kategorien\/"},{"@type":"ListItem","position":3,"name":"Koaxialkabel"}]},{"@type":"WebSite","@id":"https:\/\/www.mauritz.de\/blog\/#website","url":"https:\/\/www.mauritz.de\/blog\/","name":"Mauritz","description":"Kabelkonfektion Steckverbinder Schrumpfschlauch Kabelbinder","potentialAction":[{"@type":"SearchAction","target":{"@type":"EntryPoint","urlTemplate":"https:\/\/www.mauritz.de\/blog\/?s={search_term_string}"},"query-input":"required name=search_term_string"}],"inLanguage":"de"}]}},"_links":{"self":[{"href":"https:\/\/www.mauritz.de\/blog\/wp-json\/wp\/v2\/pages\/145"}],"collection":[{"href":"https:\/\/www.mauritz.de\/blog\/wp-json\/wp\/v2\/pages"}],"about":[{"href":"https:\/\/www.mauritz.de\/blog\/wp-json\/wp\/v2\/types\/page"}],"author":[{"embeddable":true,"href":"https:\/\/www.mauritz.de\/blog\/wp-json\/wp\/v2\/users\/2"}],"replies":[{"embeddable":true,"href":"https:\/\/www.mauritz.de\/blog\/wp-json\/wp\/v2\/comments?post=145"}],"version-history":[{"count":27,"href":"https:\/\/www.mauritz.de\/blog\/wp-json\/wp\/v2\/pages\/145\/revisions"}],"predecessor-version":[{"id":3672,"href":"https:\/\/www.mauritz.de\/blog\/wp-json\/wp\/v2\/pages\/145\/revisions\/3672"}],"up":[{"embeddable":true,"href":"https:\/\/www.mauritz.de\/blog\/wp-json\/wp\/v2\/pages\/142"}],"wp:attachment":[{"href":"https:\/\/www.mauritz.de\/blog\/wp-json\/wp\/v2\/media?parent=145"}],"curies":[{"name":"wp","href":"https:\/\/api.w.org\/{rel}","templated":true}]}}